{"id":131,"date":"2025-09-10T15:33:57","date_gmt":"2025-09-10T18:33:57","guid":{"rendered":"https:\/\/ramitodelavanda.com.ar\/?post_type=product&#038;p=131"},"modified":"2025-09-10T15:33:58","modified_gmt":"2025-09-10T18:33:58","slug":"coleccion-munecas-del-corazon","status":"publish","type":"product","link":"https:\/\/ramitodelavanda.com.ar\/?product=coleccion-munecas-del-corazon","title":{"rendered":"Colecci\u00f3n &#8220;Mu\u00f1ecas del Coraz\u00f3n&#8221;"},"content":{"rendered":"<p class=\"ds-markdown-paragraph\">Descubre la colecci\u00f3n &#8220;Mu\u00f1ecas del Coraz\u00f3n&#8221;, donde la nostalgia y la ternura se entrelazan. Cada una de nuestras mu\u00f1ecas es tejida a mano con amor, inspir\u00e1ndose en la elegancia y dulzura de tiempos pasados.<\/p>\n<p class=\"ds-markdown-paragraph\">Estas encantadoras compa\u00f1eras, con sus vestidos \u00fanicos y expresiones serenas, est\u00e1n creadas para ser atesoradas. Ideales para el juego imaginativo, para decorar un espacio especial o para convertirse en el regalo perfecto que recordar\u00e1n por siempre.<\/p>\n<p class=\"ds-markdown-paragraph\">Cada puntada cuenta una historia. \u00bfCu\u00e1l de ellas se llevar\u00e1 tu coraz\u00f3n?<\/p>\n","protected":false},"excerpt":{"rendered":"<p>Descubre la colecci\u00f3n &#8220;Mu\u00f1ecas del Coraz\u00f3n&#8221;, donde la nostalgia y la ternura se entrelazan. Cada una de nuestras mu\u00f1ecas es tejida a mano con amor, inspir\u00e1ndose en la elegancia y dulzura de tiempos pasados. Estas encantadoras compa\u00f1eras, con sus vestidos \u00fanicos y expresiones serenas, est\u00e1n creadas para ser atesoradas. Ideales para el juego imaginativo, para decorar un espacio especial o para convertirse en el regalo perfecto que recordar\u00e1n por siempre. Cada puntada cuenta una historia. \u00bfCu\u00e1l de ellas se llevar\u00e1 tu coraz\u00f3n?<\/p>\n","protected":false},"featured_media":122,"comment_status":"open","ping_status":"closed","template":"","meta":[],"product_brand":[22],"product_cat":[18],"product_tag":[],"class_list":{"0":"post-131","1":"product","2":"type-product","3":"status-publish","4":"has-post-thumbnail","6":"product_brand-ramito-de-lavanda","7":"product_cat-munecas","9":"first","10":"instock","11":"taxable","12":"shipping-taxable","13":"purchasable","14":"product-type-simple"},"jetpack_sharing_enabled":true,"_links":{"self":[{"href":"https:\/\/ramitodelavanda.com.ar\/index.php?rest_route=\/wp\/v2\/product\/131","targetHints":{"allow":["GET"]}}],"collection":[{"href":"https:\/\/ramitodelavanda.com.ar\/index.php?rest_route=\/wp\/v2\/product"}],"about":[{"href":"https:\/\/ramitodelavanda.com.ar\/index.php?rest_route=\/wp\/v2\/types\/product"}],"replies":[{"embeddable":true,"href":"https:\/\/ramitodelavanda.com.ar\/index.php?rest_route=%2Fwp%2Fv2%2Fcomments&post=131"}],"wp:featuredmedia":[{"embeddable":true,"href":"https:\/\/ramitodelavanda.com.ar\/index.php?rest_route=\/wp\/v2\/media\/122"}],"wp:attachment":[{"href":"https:\/\/ramitodelavanda.com.ar\/index.php?rest_route=%2Fwp%2Fv2%2Fmedia&parent=131"}],"wp:term":[{"taxonomy":"product_brand","embeddable":true,"href":"https:\/\/ramitodelavanda.com.ar\/index.php?rest_route=%2Fwp%2Fv2%2Fproduct_brand&post=131"},{"taxonomy":"product_cat","embeddable":true,"href":"https:\/\/ramitodelavanda.com.ar\/index.php?rest_route=%2Fwp%2Fv2%2Fproduct_cat&post=131"},{"taxonomy":"product_tag","embeddable":true,"href":"https:\/\/ramitodelavanda.com.ar\/index.php?rest_route=%2Fwp%2Fv2%2Fproduct_tag&post=131"}],"curies":[{"name":"wp","href":"https:\/\/api.w.org\/{rel}","templated":true}]}}

Colección &#8220;Muñecas del Corazón&#8221;

<p class="ds-markdown-paragraph">Descubre la colección &#8220;Muñecas del Corazón&#8221;, donde la nostalgia y la ternura se entrelazan. Cada una de nuestras muñecas es tejida a mano con amor, inspirándose en la elegancia y dulzura de tiempos pasados.</p>
<p class="ds-markdown-paragraph">Estas encantadoras compañeras, con sus vestidos únicos y expresiones serenas, están creadas para ser atesoradas. Ideales para el juego imaginativo, para decorar un espacio especial o para convertirse en el regalo perfecto que recordarán por siempre.</p>
<p class="ds-markdown-paragraph">Cada puntada cuenta una historia. ¿Cuál de ellas se llevará tu corazón?</p>

<p>Descubre la colección &#8220;Muñecas del Corazón&#8221;, donde la nostalgia y la ternura se entrelazan. Cada una de nuestras muñecas es tejida a mano con amor, inspirándose en la elegancia y dulzura de tiempos pasados. Estas encantadoras compañeras, con sus vestidos únicos y expresiones serenas, están creadas para ser atesoradas. Ideales para el juego imaginativo, para decorar un espacio especial o para convertirse en el regalo perfecto que recordarán por siempre. Cada puntada cuenta una historia. ¿Cuál de ellas se llevará tu corazón?</p>
